 be j(53). What is the highest common divisor of o and 371?
53
Suppose -2*d = -2*a - 242, 2*a - 161 + 58 = -d. What is the highest common factor of d and 23?
23
Let h = -14365 + 17655. What is the highest common divisor of h and 20?
10
Let i(h) = h**2 - 9*h - 27. Let f be i(9). Let m be ((-100)/(-30))/((-2)/f). What is the greatest common factor of 45 and m?
45
Let v = -455 + 461. Suppose -f + 3*f - 42 = -2*p, 5*p = -f + 93. What is the greatest common factor of p and v?
6
Let y(d) = 4*d - 59. Let c be y(17). Suppose -4*b = -5*f - 147, 5*b + c*f - 186 = 13*f. Calculate the highest common factor of 1824 and b.
38
Let w = 52 - 52. Suppose w = -2*l - 2 + 34. Suppose -8 = -2*t - 2*t. Calculate the highest common divisor of t and l.
2
Let a(b) = 123*b**3 + 65*b - 124. Let x be a(2). Calculate the highest common divisor of x and 396.
198
Let y(x) be the second derivative of -2*x**5/5 + x**4/3 + x**3/2 - x**2 - 12*x. Let l be y(-2). Let w = 27 - 19. Calculate the highest common factor of l and w.
8
Suppose d = -u + 16, -d - 3*u - 36 = -2*d. Suppose 3*y - 4 - 50 = 0. Suppose 3*r = d + y. What is the greatest common divisor of r and 26?
13
Suppose 10*u - 13*u + 36 = 0. Suppose -8 = -u*s + 4. Let a be -9 + 14 + -1 + s + -1. Calculate the greatest common factor of a and 12.
4
Let q(x) = 2*x**2 + 3*x - 20. Suppose -5*m - 12 = 4*l, -11*l - 3*m + 44 = -15*l. Let n be q(l). Calculate the greatest common divisor of n and 21.
21
Let r = 27639 - 27607. Let u(p) = -40*p**3 + p**2 - 1. Let s be u(-1). What is the greatest common divisor of r and s?
8
Suppose 30*q - 38*q + 936 = 0. Let r = q - 82. What is the greatest common divisor of 20 and r?
5
Let q(c) = -12*c - 2*c**2 - 2*c + 9 - c. Let r be q(-16). Let f = r - -373. Calculate the highest common factor of 10 and f.
10
Suppose -2*v = 3*m - 1960, 0 = -3*v - 988*m + 992*m + 2974. Calculate the highest common factor of v and 34.
34
Let x(y) be the first derivative of 3*y**4/4 + y**3/3 - y**2/2 + 3*y + 30. Let n be x(3). Suppose 4*b - n = -b. What is the greatest common divisor of 9 and b?
9
Let o = 385 + -354. Let q be (o/5)/(26/130). Calculate the greatest common divisor of 341 and q.
31
Let y be ((-6)/5)/(2/(-160)). Suppose 84 - 305 = -4*d + 5*u, 0 = -5*u + 35. What is the highest common divisor of y and d?
32
Let q = 64 - 13. Let n = 797 - 440. What is the greatest common factor of q and n?
51
Let y = 184 - 176. Let c(d) = 2*d**2 - d + 9. Let w be c(y). Calculate the highest common divisor of w and 3.
3
Suppose -2*m + 3*p + 300 = 2*m, p = 4. Suppose -665*a = -609*a - 24024. What is the greatest common factor of m and a?
39
Let c = -140 - -275. Let k be (117/18 - 8)/(12/352). Let s = c + k. Calculate the greatest common factor of 13 and s.
13
Suppose -2462 = c + 164. Let y be 12/(-14) - c/91. Let n(x) = -x**2 - 8*x - 8. Let z be n(-6). What is the greatest common factor of y and z?
4
Suppose 5 + 22 = 9*w. Suppose -w*l = 3*c + 24, 4*c + 16 = 2*c - l. Let z be (-4)/(-6) + (c/(-12))/2. Calculate the greatest common factor of z and 1.
1
Suppose -7*d + 9*d = 26. Suppose 14*r = d*r + 8. Suppose r*z + 2*z = 60. What is the greatest common divisor of 48 and z?
6
Suppose -4*z + 32 = 5*p - 7*p, -4*p = -2*z + 64. Let n be (-468)/p*12/3. Let u = -96 + n. What is the greatest common divisor of u and 105?
21
Suppose 0 = -45*j + 47*j - w - 276, 0 = 3*j + 3*w - 378. Calculate the highest common factor of 18626 and j.
134
Let c = -18 + 21. Let k(a) = 3*a**2 - 17*a + 33. Let f be k(c). Calculate the highest common divisor of 48 and f.
3
Let f be (3/(-9))/(11/6 - 2). Let m(l) = -13 + 511*l - 506*l + 1 - 4*l**f + 8*l**2. Let v be m(4). Calculate the greatest common factor of v and 9.
9
Suppose 0 = -4*n + 71 + 173. Let h = n + -58. Let v be (-2 - 0)*45/(-6). Calculate the greatest common divisor of v and h.
3
Let a be ((-16)/(-40))/((-3)/(-120)). Suppose -17*j = -a*j - 14. Let r = 40 - j. What is the greatest common factor of 130 and r?
26
Suppose -11*k + 504 = 7*k + 3*k. Let j(l) = 9*l**2 - l + 1. Let w be j(1). Suppose w = 3*t - 9. Calculate the greatest common divisor of k and t.
6
Let c(a) = -7*a**3 + 203*a**2 + 32*a + 68. Let x be c(29). What is the highest common divisor of 12 and x?
12
Suppose 472 + 81 = -2*o - 5*s, -s + 1369 = -5*o. Let t be (-72)/15*(o/4 + 1). What is the greatest common divisor of 36 and t?
36
Suppose -50*w = -44*w - 3498. Suppose 139 = 7*r - 232. What is the greatest common factor of r and w?
53
Suppose 2*r = o - r - 33, -2*o + 58 = -4*r. Suppose -s + 0*s - 33 = 0. Let g = 54 + s. What is the greatest common factor of g and o?
21
Let t(c) = -4*c - 49. Let z be t(-14). Let l be 104/1*(8 - z). Calculate the highest common divisor of l and 156.
52
Suppose 82*m - 306 = 79*m. What is the greatest common factor of m and 18?
6
Let q(v) = 3*v - 20. Let s be q(9). Let a(i) = -2*i**2 + 13*i + 12. Let n be a(s). Suppose -n*p + 13*p = 272. Calculate the greatest common factor of 119 and p.
17
Suppose -4*p + 8*p = -7*p + 5060. Calculate the highest common divisor of p and 20.
20
Suppose 28*z - 37552 = 12680. What is the highest common factor of 138 and z?
138
Let t be 98/24 + 1207/204 + -6 - -188. What is the greatest common divisor of t and 1872?
48
Let n be (-2 - 1 - 70/56)*-152. Calculate the greatest common factor of 114 and n.
38
Suppose 408 = 105*p + 11*p - 404. Calculate the highest common divisor of p and 133.
7
Let d = 3034 - 943. Calculate the highest common factor of 123 and d.
123
Let i(z) = -z**2 - 18*z + 8. Let u be i(-8). Suppose 8*h - h + 525 = 0. Let x = h + u. Calculate the greatest common divisor of x and 13.
13
Let u = -859 + 822. Let o(d) = 19*d + 910. Let i be o(u). Suppose 2*p + 9 = 3*p. What is the highest common factor of i and p?
9
Suppose -6*w + 128 - 26 = 0. Suppose -13*o + 56 = w. Suppose -o*z - 5 = -119. Calculate the greatest common factor of z and 152.
38
Let b = 51 + -47. Let a be -1*6 - -3 - b. Let o(v) = v**3 + 9*v**2 + 12*v + 16. Let t be o(a). Calculate the highest common divisor of 10 and t.
10
Let s = -5826 - -6954. Calculate the greatest common factor of s and 624.
24
Let i be (-996 - -3)*(-8)/(-24). Let d = -317 - i. Calculate the greatest common factor of 378 and d.
14
Suppose -126 - 21 = -7*y. Suppose -4*v = -3*g - 72, -4*g = 3*v + 2*v - 121. What is the greatest common factor of v and y?
21
Let r(w) = 3*w**2 - 29*w + 98. Let n be r(25). What is the highest common divisor of n and 13?
13
Suppose 6*m + m + 14*m = 3612. Calculate the greatest common factor of m and 20210.
86
Suppose -23*c + 129424 = 89*c - 107120. What is the greatest common divisor of 33 and c?
33
Let b be -19*60/(-27) + 10/(-45). Let w be 682/12 - (217/b)/(-31). Let g be (0 + -6)*38/(-6). What is the greatest common factor of w and g?
19
Let r be 989 - (3 - 0)*-1. Let a be -58*(-1 + 4)/(-6) - (-5 - -2). What is the highest common factor of a and r?
32
Suppose -3*h + 87 = 5*l, 7 + 1 = 2*h. Let z(p) = 2*p**2 + p - 22. Let f be z(14). Let c = f - 364. Calculate the greatest common factor of c and l.
5
Let h = -42 + 44. Suppose -h*r - 5*r + 21 = 0. What is the greatest common divisor of 48 and r?
3
Let k be 20 - ((-15)/3)/(-5). Suppose -283 = -4*g - t, 3*g - 2*t - 245 = -k. Calculate the greatest common divisor of g and 126.
18
Let o = 144 + -74. Suppose -172 = -4*w + p, 166 = 4*w + 3*p + 10. What is the greatest common divisor of o and w?
14
Let f = 4800 + -2184. What is the greatest common factor of f and 192?
24
Let f = -104 - -299. Let l(o) = -3*o + 29. Let b be l(0). Suppose 0 = -4*d + 16 - 0, 0 = 3*s - 4*d - b. What is the greatest common divisor of f and s?
15
Suppose 2*c + 2*n = 0, -3*n + 21 = 5*c - 5*n. Suppose -5*r + 12 = u, -3*u + 7*u - c*r - 2 = 0. Calculate the greatest common divisor of u and 14.
2
Let i = -24 - -100. Suppose q - 5*g = -102, 0 = -14*q + 10*q + 4*g - 312. Let y = q + i. Calculate the greatest common divisor of 4 and y.
4
Suppose -4*o + 2170 = -o + 5*s, 4*o = 3*s + 2874. What is the highest common divisor of o and 252?
36
Let r be (-8 - (2 - 1))*221/(-51). Let u be r/(-52) + (-19516)/(-16). What is the highest common factor of 23 and u?
23
Let q be 44 + -21 - (-3)/2*-2. Let g be -15*((-116)/(-10))/((-12)/q). Calculate the highest common factor of g and 10.
10
Suppose 62*t - 215 